{"id":286,"date":"2016-10-31T13:17:59","date_gmt":"2016-10-31T16:17:59","guid":{"rendered":"https:\/\/isp62-sfe.infd.edu.ar\/sitio\/?page_id=286"},"modified":"2025-10-31T11:48:02","modified_gmt":"2025-10-31T14:48:02","slug":"inicio","status":"publish","type":"page","link":"https:\/\/isp62-sfe.infd.edu.ar\/sitio\/","title":{"rendered":"Inicio"},"content":{"rendered":"<p><div id=\"metaslider-id-403\" style=\"width: 100%;\" class=\"ml-slider-3-33-0 metaslider metaslider-flex metaslider-403 ml-slider ms-theme-default\" role=\"region\" aria-roledescription=\"Slideshow\" aria-label=\"Slideshow\">\n    <div id=\"metaslider_container_403\">\n        <div id=\"metaslider_403\" class=\"flexslider\">\n            <ul aria-live=\"polite\" class=\"slides\">\n                <li style=\"display: block; width: 100%;\" class=\"slide-607 ms-image\" aria-roledescription=\"slide\" aria-label=\"slide-607\"><a href=\"https:\/\/mapa.infd.edu.ar\/\" target=\"_blank\"><img src=\"https:\/\/isp62-sfe.infd.edu.ar\/sitio\/wp-content\/uploads\/2018\/06\/mapa_infd6-1100x200.png\" height=\"200\" width=\"1100\" alt=\"\" class=\"slider-403 slide-607\" title=\"mapa_infd6\" \/><\/a><\/li>\n                <li style=\"display: none; width: 100%;\" class=\"slide-609 ms-image\" aria-roledescription=\"slide\" aria-label=\"slide-609\"><a href=\"https:\/\/www.argentina.gob.ar\/educacion\/becas\" target=\"_blank\"><img src=\"https:\/\/isp62-sfe.infd.edu.ar\/sitio\/wp-content\/uploads\/2018\/06\/becas7-1100x200.png\" height=\"200\" width=\"1100\" alt=\"\" class=\"slider-403 slide-609\" title=\"becas7\" \/><\/a><\/li>\n                <li style=\"display: none; width: 100%;\" class=\"slide-635 ms-image\" aria-roledescription=\"slide\" aria-label=\"slide-635\"><a href=\"https:\/\/www.argentina.gob.ar\/tema\/estudiar\/formacion-docencia\" target=\"_blank\"><img src=\"https:\/\/isp62-sfe.infd.edu.ar\/sitio\/wp-content\/uploads\/2018\/06\/convocatorias_slide6-1-1100x200.png\" height=\"200\" width=\"1100\" alt=\"\" class=\"slider-403 slide-635\" title=\"convocatorias_slide6-1\" \/><\/a><\/li>\n            <\/ul>\n        <\/div>\n        \n    <\/div>\n<\/div><br \/>\n<script src=\" https:\/\/cdn-chatbot.anima.bot\/chatbot.umd.js \"><\/script><br \/>\n<script>\nwindow.onload = function () { initChatbot(\"eyJpdiI6ImZIeGlHdk5Hb1NHczd6bnZ4SDlhV0E9PSIsInZhbHVlIjoiY0l2cEZpRkVlUkVoZUs3cko2K3FYYW1nQ2lCa01JWFJpWUxoblhsOVg0ND0iLCJtYWMiOiI1YmNjMjY5NDZiM2Q3MjMzZDY5ZmJmYTYxNDdiYmZkODk1Y2EyMDdlOWNiODNhYTJlMGQwOGExNGU0MDNkODM3IiwidGFnIjoiIn0=\"); };\n<\/script><\/p>\n<p><script src=\" https:\/\/cdn-chatbot.anima.bot\/chatbot.umd.js \"><\/script><br \/>\n<script>\nwindow.onload = function () { initChatbot(\"eyJpdiI6ImZIeGlHdk5Hb1NHczd6bnZ4SDlhV0E9PSIsInZhbHVlIjoiY0l2cEZpRkVlUkVoZUs3cko2K3FYYW1nQ2lCa01JWFJpWUxoblhsOVg0ND0iLCJtYWMiOiI1YmNjMjY5NDZiM2Q3MjMzZDY5ZmJmYTYxNDdiYmZkODk1Y2EyMDdlOWNiODNhYTJlMGQwOGExNGU0MDNkODM3IiwidGFnIjoiIn0=\"); };<\/script><\/p>\n<table id=\"table1\" style=\"height: 392px; width: 800px;\" border=\"0\" cellspacing=\"0\" cellpadding=\"10\" align=\"center\">\n<tbody style=\"text-align: left;\">\n<tr style=\"text-align: left;\">\n<td style=\"text-align: center; width: 150px;\"><img decoding=\"async\" loading=\"lazy\" class=\"\" src=\"https:\/\/isp62-sfe.infd.edu.ar\/sitio\/wp-content\/uploads\/2018\/06\/logo5_1.png\" width=\"141\" height=\"368\" border=\"0\" \/><\/td>\n<td style=\"border: 1px solid; text-align: left;\">\n<p style=\"text-align: center;\"><span style=\"color: #800000;\"><strong><span style=\"font-family: verdana,geneva; font-size: 12pt;\"><span style=\"font-family: verdana,geneva; font-size: 12pt;\"><span style=\"font-family: verdana,geneva; font-size: 12pt;\"><span style=\"font-size: 18pt;\">I<span style=\"font-size: 14pt;\">NS<\/span><\/span><span style=\"font-size: 14pt;\">TITUTO <span style=\"font-size: 18pt;\">S<\/span>UPERIOR DEL\u00a0<\/span><\/span><\/span><\/span><\/strong><strong><span style=\"font-family: verdana,geneva; font-size: 12pt;\"><span style=\"font-family: verdana,geneva; font-size: 12pt;\"><span style=\"font-size: 12pt; font-family: verdana,geneva;\"><span style=\"font-size: 14pt;\"><span style=\"font-size: 18pt;\">P<\/span>ROFESORADO N\u00b0 <span style=\"font-size: 18pt;\">62<\/span><\/span><\/span><\/span><\/span><\/strong><\/span><\/p>\n<p style=\"text-align: center;\"><span style=\"color: #800000;\"><strong><span style=\"font-family: verdana,geneva; font-size: 12pt;\"><span style=\"font-size: 18pt;\">\u00c1<span style=\"font-size: 14pt;\">NGELA\u00a0<\/span><\/span><span style=\"font-size: 14pt;\">\u00a0<span style=\"font-size: 18pt;\">C<\/span>ULLEN<\/span><\/span><\/strong><\/span><\/p>\n<h3 style=\"text-align: center;\"><strong>San Jos\u00e9 de la Esquina &#8211;\u00a0 Santa Fe<\/strong><\/h3>\n<p style=\"text-align: center;\"><strong><span style=\"color: #333333;\"><span style=\"font-family: verdana,geneva; font-size: 12pt;\">&#8211; PROFESORADO DE HISTORIA<\/span><\/span><\/strong><\/p>\n<p style=\"text-align: center;\"><strong><span style=\"color: #333333;\"><span style=\"font-family: verdana,geneva; font-size: 12pt;\">-PROFESORADO DE GEOGRAF\u00cdA<\/span><\/span><\/strong><\/p>\n<p style=\"text-align: center;\"><strong><span style=\"color: #333333;\"><span style=\"font-family: verdana,geneva; font-size: 12pt;\"><span style=\"font-family: verdana,geneva; font-size: 12pt;\"><span style=\"font-family: verdana,geneva; font-size: 12pt;\">-T\u00c9CNICO SUPERIOR EN AN\u00c1LISIS FUNCIONAL <\/span><\/span><\/span><\/span><\/strong><\/p>\n<p style=\"text-align: center;\"><strong><span style=\"color: #333333;\"><span style=\"font-family: verdana,geneva; font-size: 12pt;\"><span style=\"font-family: verdana,geneva; font-size: 12pt;\"><span style=\"font-family: verdana,geneva; font-size: 12pt;\">DE SISTEMAS INFORM\u00c1TICOS<\/span><\/span><\/span><\/span><\/strong><\/p>\n<p style=\"text-align: center;\"><strong><span style=\"color: #333333;\"><span style=\"font-family: verdana,geneva; font-size: 12pt;\"><span style=\"font-family: verdana,geneva; font-size: 12pt;\"><span style=\"font-family: verdana,geneva; font-size: 12pt;\">.T\u00c9CNICO SUPERIOR EN SEGURIDAD <\/span><\/span><\/span><\/span><\/strong><\/p>\n<p style=\"text-align: center;\"><strong><span style=\"color: #333333;\"><span style=\"font-family: verdana,geneva; font-size: 12pt;\"><span style=\"font-family: verdana,geneva; font-size: 12pt;\"><span style=\"font-family: verdana,geneva; font-size: 12pt;\">E HIGIENE EN EL TRABAJO<\/span><\/span><\/span><\/span><\/strong><\/p>\n<div style=\"text-align: center;\"><span style=\"font-family: verdana,geneva; color: #000099; font-size: 12pt;\"><span style=\"font-family: verdana,geneva; color: #000099; font-size: 12pt;\"><span style=\"font-family: verdana,geneva; color: #000066; font-size: 8pt;\"><span style=\"font-family: verdana,geneva;\"><span style=\"font-family: verdana,geneva;\"><span style=\"font-family: verdana,geneva;\"><span style=\"font-family: verdana,geneva;\"><span style=\"font-size: 10pt; color: black; font-family: Verdana;\">Este Instituto Superior de Formaci\u00f3n Docente forma parte del sistema de educaci\u00f3n p\u00fablica de gesti\u00f3n estatal. Junto con varios cientos de Institutos, integramos la <strong><em><span style=\"font-family: Verdana;\">Red Virtual de Institutos Superiores de Formaci\u00f3n Docente<\/span><\/em><\/strong> coordinada por el <strong><span style=\"font-family: Verdana;\">INFD<\/span><\/strong> (Instituto Nacional de Formaci\u00f3n Docente) dependiente del Ministerio de Educaci\u00f3n de la Naci\u00f3n Argentina.<\/span><\/span><\/span><\/span><\/span><\/span><\/span><\/span><\/div>\n<div style=\"text-align: center;\"><strong><strong>Mail: isp62sjdelaesquina@gmail.com<\/strong><\/strong> <strong>\u00a0<\/strong>\u00a0\u00a0<strong>\u00a0<\/strong><\/div>\n<\/td>\n<\/tr>\n<\/tbody>\n<\/table>\n<p>\u00a0<\/p>\n<p><script src=\" https:\/\/cdn-chatbot.anima.bot\/chatbot.umd.js \"><\/script><br \/>\n<script>\nwindow.onload = function () { initChatbot(\"eyJpdiI6ImZIeGlHdk5Hb1NHczd6bnZ4SDlhV0E9PSIsInZhbHVlIjoiY0l2cEZpRkVlUkVoZUs3cko2K3FYYW1nQ2lCa01JWFJpWUxoblhsOVg0ND0iLCJtYWMiOiI1YmNjMjY5NDZiM2Q3MjMzZDY5ZmJmYTYxNDdiYmZkODk1Y2EyMDdlOWNiODNhYTJlMGQwOGExNGU0MDNkODM3IiwidGFnIjoiIn0=\"); };<\/script><\/p>\n","protected":false},"excerpt":{"rendered":"<p>INSTITUTO SUPERIOR DEL\u00a0PROFESORADO N\u00b0 62 \u00c1NGELA\u00a0\u00a0CULLEN San Jos\u00e9 de la Esquina &#8211;\u00a0 Santa Fe &#8211; PROFESORADO DE HISTORIA -PROFESORADO DE GEOGRAF\u00cdA -T\u00c9CNICO SUPERIOR EN AN\u00c1LISIS FUNCIONAL DE SISTEMAS INFORM\u00c1TICOS .T\u00c9CNICO SUPERIOR EN SEGURIDAD E HIGIENE EN EL TRABAJO Este Instituto Superior de Formaci\u00f3n Docente forma parte del sistema de educaci\u00f3n p\u00fablica de gesti\u00f3n estatal. Junto &#8230; <a title=\"Inicio\" class=\"read-more\" href=\"https:\/\/isp62-sfe.infd.edu.ar\/sitio\/\" aria-label=\"More on Inicio\">[+]<\/a><\/p>\n","protected":false},"author":1,"featured_media":0,"parent":0,"menu_order":0,"comment_status":"closed","ping_status":"closed","template":"","meta":[],"acf":[],"_links":{"self":[{"href":"https:\/\/isp62-sfe.infd.edu.ar\/sitio\/wp-json\/wp\/v2\/pages\/286"}],"collection":[{"href":"https:\/\/isp62-sfe.infd.edu.ar\/sitio\/wp-json\/wp\/v2\/pages"}],"about":[{"href":"https:\/\/isp62-sfe.infd.edu.ar\/sitio\/wp-json\/wp\/v2\/types\/page"}],"author":[{"embeddable":true,"href":"https:\/\/isp62-sfe.infd.edu.ar\/sitio\/wp-json\/wp\/v2\/users\/1"}],"replies":[{"embeddable":true,"href":"https:\/\/isp62-sfe.infd.edu.ar\/sitio\/wp-json\/wp\/v2\/comments?post=286"}],"version-history":[{"count":96,"href":"https:\/\/isp62-sfe.infd.edu.ar\/sitio\/wp-json\/wp\/v2\/pages\/286\/revisions"}],"predecessor-version":[{"id":1005,"href":"https:\/\/isp62-sfe.infd.edu.ar\/sitio\/wp-json\/wp\/v2\/pages\/286\/revisions\/1005"}],"wp:attachment":[{"href":"https:\/\/isp62-sfe.infd.edu.ar\/sitio\/wp-json\/wp\/v2\/media?parent=286"}],"curies":[{"name":"wp","href":"https:\/\/api.w.org\/{rel}","templated":true}]}}