{"id":788,"date":"2018-06-28T17:46:45","date_gmt":"2018-06-28T20:46:45","guid":{"rendered":"https:\/\/isp62-sfe.infd.edu.ar\/sitio\/plan-de-estudios\/"},"modified":"2024-03-01T16:53:55","modified_gmt":"2024-03-01T19:53:55","slug":"plan-de-estudios","status":"publish","type":"page","link":"https:\/\/isp62-sfe.infd.edu.ar\/sitio\/plan-de-estudios\/","title":{"rendered":"Plan de Estudios Profesorado de Historia"},"content":{"rendered":"<p class=\"Estilo25\" style=\"text-align: center;\"><strong>PRIMER A\u00d1O<\/strong><br \/>\nPedagog\u00eda<br \/>\nTeor\u00eda del Curr\u00edculum y Did\u00e1ctica<br \/>\nPsicolog\u00eda Educativa<br \/>\nIntroducci\u00f3n al Conocimiento Hist\u00f3rico<br \/>\nIntroducci\u00f3n al Conocimiento Geogr\u00e1fico<br \/>\nFundamentos de Antropolog\u00eda y Sociolog\u00eda<br \/>\nHistoria Mundial I<br \/>\nTrayecto de Pr\u00e1ctica: Taller de Docencia I<\/p>\n<p class=\"Estilo25\" style=\"text-align: center;\"><strong>SEGUNDO A\u00d1O<\/strong><br \/>\nPol\u00edtica e Historia Educativa Argentina (Cuat.)<br \/>\nOrganizaci\u00f3n y Gesti\u00f3n Institucional (Cuat.)<br \/>\nPsicolog\u00eda y Cultura del Alumno<br \/>\nFundamentos de Ciencias Pol\u00edticas y Econom\u00eda<br \/>\nHistoria Mundial II<br \/>\nHistoria Americana I<br \/>\nGeograf\u00eda Americana y Argentina<br \/>\nDid\u00e1ctica de las Ciencias Sociales y de la Historia<br \/>\nTrayecto de Pr\u00e1ctica: Taller Docencia II<\/p>\n<p class=\"Estilo25\" style=\"text-align: center;\"><strong>TERCER A\u00d1O<\/strong><br \/>\nFilosof\u00eda<br \/>\nMetodolog\u00eda de la Investigaci\u00f3n Hist\u00f3rica<br \/>\nHistoria Mundial III<br \/>\nHistoria Americana II<br \/>\nHistoria Argentina<br \/>\nTaller de Investigaci\u00f3n Areal<br \/>\nEspacio Curricular Opcional (E.D.I)<br \/>\nE.C.O Comunicaci\u00f3n<br \/>\nTrayecto de Pr\u00e1ctica: Taller de Docencia III<\/p>\n<p class=\"Estilo25\" style=\"text-align: center;\"><strong>CUARTO A\u00d1O<\/strong><br \/>\n\u00c9tica Profesional<br \/>\nTeor\u00eda e Historia de la Historiograf\u00eda<br \/>\nHistoria Mundial IV<br \/>\nHistoria Argentina II<br \/>\nHistoria Contempor\u00e1nea de Asia y \u00c1frica<br \/>\nEspacio de Definici\u00f3n Institucional (E.D.I)<br \/>\nTrayecto de Pr\u00e1ctica: Seminario de integraci\u00f3n y S\u00edntesis<br \/>\nTrayecto de Pr\u00e1ctica: Taller de Docencia IV<\/p>\n<p style=\"text-align: center;\"><a href=\"https:\/\/isp62-sfe.infd.edu.ar\/sitio\/wp-content\/uploads\/2024\/03\/Diseno-Curricular-Profesora-de-Educacion-Secundaria-en-Historia.pdf\">Descargar Dise\u00f1o Curricular Profesorado de Educaci\u00f3n Secundaria en Historia<\/a><\/p>\n<p style=\"text-align: center;\">\n","protected":false},"excerpt":{"rendered":"<p>PRIMER A\u00d1O Pedagog\u00eda Teor\u00eda del Curr\u00edculum y Did\u00e1ctica Psicolog\u00eda Educativa Introducci\u00f3n al Conocimiento Hist\u00f3rico Introducci\u00f3n al Conocimiento Geogr\u00e1fico Fundamentos de Antropolog\u00eda y Sociolog\u00eda Historia Mundial I Trayecto de Pr\u00e1ctica: Taller de Docencia I SEGUNDO A\u00d1O Pol\u00edtica e Historia Educativa Argentina (Cuat.) Organizaci\u00f3n y Gesti\u00f3n Institucional (Cuat.) Psicolog\u00eda y Cultura del Alumno Fundamentos de Ciencias Pol\u00edticas &#8230; <a title=\"Plan de Estudios Profesorado de Historia\" class=\"read-more\" href=\"https:\/\/isp62-sfe.infd.edu.ar\/sitio\/plan-de-estudios\/\" aria-label=\"More on Plan de Estudios Profesorado de Historia\">[+]<\/a><\/p>\n","protected":false},"author":367,"featured_media":0,"parent":0,"menu_order":0,"comment_status":"closed","ping_status":"closed","template":"","meta":[],"acf":[],"_links":{"self":[{"href":"https:\/\/isp62-sfe.infd.edu.ar\/sitio\/wp-json\/wp\/v2\/pages\/788"}],"collection":[{"href":"https:\/\/isp62-sfe.infd.edu.ar\/sitio\/wp-json\/wp\/v2\/pages"}],"about":[{"href":"https:\/\/isp62-sfe.infd.edu.ar\/sitio\/wp-json\/wp\/v2\/types\/page"}],"author":[{"embeddable":true,"href":"https:\/\/isp62-sfe.infd.edu.ar\/sitio\/wp-json\/wp\/v2\/users\/367"}],"replies":[{"embeddable":true,"href":"https:\/\/isp62-sfe.infd.edu.ar\/sitio\/wp-json\/wp\/v2\/comments?post=788"}],"version-history":[{"count":4,"href":"https:\/\/isp62-sfe.infd.edu.ar\/sitio\/wp-json\/wp\/v2\/pages\/788\/revisions"}],"predecessor-version":[{"id":980,"href":"https:\/\/isp62-sfe.infd.edu.ar\/sitio\/wp-json\/wp\/v2\/pages\/788\/revisions\/980"}],"wp:attachment":[{"href":"https:\/\/isp62-sfe.infd.edu.ar\/sitio\/wp-json\/wp\/v2\/media?parent=788"}],"curies":[{"name":"wp","href":"https:\/\/api.w.org\/{rel}","templated":true}]}}